u. What is the tens digit of (-1)/(-1*1/l)?
1
Let b(q) = 2*q + 1. Let a be b(-3). Let j = a - -8. Suppose 4*x = j*x + 6. What is the units digit of x?
6
What is the units digit of (-1)/2 + 94/4?
3
Let m(j) = j**3 - 4*j**2 + 1. Let y be m(3). Let h be (2/6)/(7/315). Let k = h + y. What is the units digit of k?
7
Let h be 0 + 3 + 6 + -4. Suppose -2*g + 5*b = -16, h*g - 58 = g - 3*b. What is the units digit of g?
3
Suppose -46 = -5*u - 3*k, 2*u + 5*k = -u + 18. Let y = 13 - u. Suppose 3*x - 38 = -x - y*m, -5*m = 15. What is the units digit of x?
1
Suppose 2 = 2*w - 18. What is the units digit of w?
0
Let n(i) = -18*i - 2. Let l be n(-2). Suppose -1 - l = -5*f. Let d = 14 - f. What is the units digit of d?
7
Suppose -2*g + 2*u + 14 = 0, -2*g + u + 10 = -0*g. Let k be 0 + -1 + g - 0. What is the units digit of (4*7 + 0)/k?
4
Let u = -15 - -56. Suppose 2*z - 16 = 18. Suppose 0*c - 5*b - u = -2*c, 5*b = -c - z. What is the units digit of c?
8
Let s(m) = -2*m**3 - 2*m**2 - m + 4. What is the tens digit of s(-2)?
1
Let o(m) = -m**3 - 8*m**2 + 9*m + 2. Let d be o(-9). Suppose f - 47 = 6*n - d*n, -4*f + 133 = -5*n. What is the units digit of f?
7
What is the hundreds digit of (-1)/(2/(-3)) + (-2124)/(-8)?
2
Let j(c) = -c**3 - 3*c**2 + 16*c + 17. What is the units digit of j(-7)?
1
Suppose -18*m = -8*m - 1520. What is the tens digit of m?
5
Let z be ((-84)/(-20))/((-2)/10). Let m = 58 + z. What is the units digit of m?
7
Let k = -308 + 444. What is the units digit of k?
6
Suppose 5*m = -u + m + 16, 0 = -2*u + 3*m - 12. Let l(f) = -f**2 + f + 27. What is the units digit of l(u)?
7
Suppose k = -0*k + 3. Suppose -2*o - 4 = c, -3*o - k*c - 16 = c. Suppose -5*p - 4*n + 30 = o, 5*p - 17 = 3*n + 13. What is the units digit of p?
6
Suppose 7*s + 25 = 2*s. Let t be -5*(9/s - -1). Suppose 3*l - 11 = 4*l - 4*y, 5*l + t*y - 65 = 0. What is the units digit of l?
9
Let u = -2 + 5. Suppose -19 + u = -4*x. What is the units digit of ((-10)/x)/((-4)/8)?
5
Let o(y) = -y. Let a(k) = 9*k + 1. Let b = 3 - 4. Let v(r) = b*a(r) - 5*o(r). What is the units digit of v(-1)?
3
Suppose u = -2*c + 49, -5*u + 100 = 4*c - u. What is the units digit of c?
4
Let d = 17 + -14. What is the units digit of d?
3
Suppose -5*x + 8 = -27. What is the units digit of (-252)/(-49) + (-1)/x?
5
Let t = 48 - -60. What is the hundreds digit of t?
1
Let u(t) = -t**3 + 2*t**2 + t - 1. Let w(g) = g**3 - 3*g**2 - g + 1. Let q(r) = -3*u(r) - 4*w(r). Let i be q(6). What is the units digit of i/(5/2) - -3?
5
Let i be (-1)/3 - 26/(-6). Suppose 3*y - i = 50. What is the tens digit of y?
1
Let f be (7/3)/(1/(-3)). Let z(i) = -5*i**2 + 7 + 4*i**2 + 7*i + 2*i**2. What is the units digit of z(f)?
7
Let t = 38 + -5. What is the tens digit of t?
3
Let j(f) = -f**3 + 9*f**2 - 10*f. Let c be j(7). Suppose 0 = y - 2*y + c. What is the units digit of y?
8
What is the tens digit of (266/(-28))/((-2)/4)?
1
What is the tens digit of ((-1)/(-3))/(4*4/7632)?
5
Let i(w) = -w**3 + 5*w**2. Let q be i(5). Let z = 6 - q. Let c(s) = -s**3 + 7*s**2 - 4*s - 2. What is the units digit of c(z)?
0
Let q be 12/7 - (-12)/42. Suppose -2*g - g + q*p + 48 = 0, g - 16 = -2*p. What is the units digit of g?
6
Let g be (-5)/(-2) - 4/8. Suppose g*f - 4 = f. What is the units digit of f*2 + 0/2?
8
What is the tens digit of 221/3 - (-15)/45?
7
What is the tens digit of (-7)/(28/8 - 4)?
1
Let b(j) = 23*j**2 + 2*j - 1. Let r be b(1). Let v = 30 - r. What is the units digit of v?
6
What is the hundreds digit of (102/(-12))/((-1)/12)?
1
Let q(b) = b**3 - b**2. Let d be q(2). Suppose -39 = -d*m + m. Let j = -5 + m. What is the units digit of j?
8
Suppose 64 = 3*h + h. Let t = 10 - 10. Suppose -3*m + m + h = t. What is the units digit of m?
8
Let f(z) = -6*z**2 - 1. Let p be f(-1). Let l = p - -11. What is the units digit of l?
4
Let q be 1 - 2*147/(-6). Suppose 0*p + q = 5*p. What is the units digit of p?
0
Let t = 1 - -1. Let g(n) = 24*n - 2. Let c be g(t). What is the units digit of ((-2 - c)/(-3))/1?
6
Let w = -3 + 1. What is the units digit of (-19)/(-3) + w/6?
6
Let n(l) = l**2 - 12*l + 4. Let u be n(12). Suppose 0 = -2*m + u*m. Suppose 5*h + 1 + 4 = 3*d, m = 5*d - 2*h - 21. What is the units digit of d?
5
Suppose -4*j + 58 = 2*r, 2*j + j = 4*r + 27. What is the units digit of j + (4 - (-2 - -9))?
0
Let q(m) = m**3 + 15*m**2 - m - 10. What is the tens digit of q(-6)?
2
Suppose -2*j + v = -226 + 52, v = j - 88. Let t = j + -44. What is the units digit of t?
2
Suppose 0 = 4*n + 2*p - 46, -p = -4*n + 4*p + 53. What is the tens digit of n?
1
Let j(u) be the first derivative of 2*u**2 - 3*u - 2 + 1/4*u**4 + 0*u**3. What is the units digit of j(2)?
3
Let u be 1 - 0 - 42/(-2). Let l = -8 - 8. Let r = u + l. What is the units digit of r?
6
Let v be (1/((-3)/(-72)))/1. Suppose 0 = -4*l + 5*l. Suppose l = -y - 2*y + v. What is the units digit of y?
8
What is the units digit of (-1)/4 + 0 + 2570/8?
1
Let y be 14/(-63) + 40/18. Suppose 4 = 4*j - 3*j. Suppose j*v + 19 = 3*c, c - y*v + 3 = 2*c. What is the units digit of c?
5
Suppose -3*a + 205 = 4*n, -2*n - 2*a + 104 = -0*a. What is the units digit of n?
9
Suppose -5*g = 25, -2*f - 2*g + 37 = g. What is the units digit of f?
6
Let y(d) = -4*d + 1. Let a be y(3). Let f = 28 + -3. Let b = a + f. What is the tens digit of b?
1
Suppose 3*z + x = 3, -z + 3 - 16 = 5*x. Suppose z*c - 12 = 8. What is the tens digit of c?
1
Let d(j) = 7*j**2 + 5*j - 4. Let y be d(3). Suppose n = 5*b + y, 2*b - n + 29 = -0*n. What is the units digit of (-6)/(-10) + (-126)/b?
9
Let t(h) = -3*h + 15*h**2 - 17 - 14*h**2 + 14*h. Let y be t(-12). Let a = y + 7. What is the units digit of a?
2
Let l(d) = d**2 - 5*d + 5. Let y be l(4). Let a(b) = 3*b**2 - 4*b**2 + 4*b**3 + 2*b**3 + 1 - b. What is the units digit of a(y)?
5
Let p be 3 - 1/((-1)/2). Suppose -p*j + 45 = n, -3*j + 10 = -4*n - 40. Suppose 2 = 4*t - j. What is the units digit of t?
3
Let a(n) = n**2 - 6*n - 2. Let b be a(6). Let v be (1/((-1)/68))/b. What is the tens digit of 3/6*v - 1?
1
Let h = -127 + 241. Suppose 0 = 4*t - h - 42. Let y = t - 23. What is the units digit of y?
6
Let k(v) = -46*v**3 + v**2 + v + 1. What is the units digit of k(-1)?
7
Suppose 2*a = -2*a + 8. Suppose -5*u - a*t + 8 = -8, 0 = -u + 3*t + 10. Suppose 5*r - 2*r + 5*b = 6, 4*r + u*b = 16. What is the units digit of r?
7
Let o(r) = 17*r**3 + 2*r**2 - r + 1. Let a(i) = i**2 + 1. Let h = -5 + 4. Let b(f) = h*o(f) + 2*a(f). What is the units digit of b(-1)?
7
Let t = -4 - 2. Let w = t + 8. What is the units digit of (1 - w)/(1/(-6))?
6
Suppose -l - 3 = 5*j, -l = 5*j + 3*l + 12. Suppose 3*r + 2 - 11 = j. Suppose -u - r*b = -12 - 2, -2*b + 1 = -u. What is the units digit of u?
5
Suppose -r = r - 4*o - 100, -o = -r + 48. What is the tens digit of r?
4
Let b(l) be the second derivative of l**6/80 + l**5/60 - l**4/12 + 4*l. Let p(g) be the third derivative of b(g). What is the tens digit of p(2)?
2
Suppose -3*y - 9 = 4*h - 68, 0 = -3*y + 3*h + 24. What is the tens digit of y?
1
Suppose -q + 3 = -0*q. Suppose 0 = -5*m + q*m - 4. Let k(l) = 3*l**2 + 2*l. What is the units digit of k(m)?
8
Let t(i) = i**2 + 7*i - 13. What is the tens digit of t(-10)?
1
Let w = -1 - -21. Suppose w = v - c, 0 = -0*c + c + 5. What is the tens digit of v?
1
Let n(d) = -d - 3. Suppose 2*x - 4*v = -10, -v + 25 = -5*x + 3*v. Let r be n(x). Let m(y) = 2*y**3 - 4*y**2 + 2*y + 2. What is the units digit of m(r)?
6
Suppose n - 575 = -3*q + 440, -q + 333 = -5*n. What is the tens digit of q?
3
Let y(o) = -o + 1. Let n be y(-3). Suppose n*i + 5*c = -3, -i - c + 9 = -3*c. What is the units digit of i?
3
Let a(i) be the first derivative of -i**2/2 + 7*i + 1. Let r(w) = w - 2. Let v be r(2). What is the units digit of a(v)?
7
Suppose -5*k - 3*u + 168 = 0, 3*k + 0*u - 5*u - 128 = 0. What is the units digit of k?
6
Let l(o) = o + 11. Let a be l(-8). Suppose 4*s - 39 = -a*d, -3*d + 4*s + 66 = -s. What is the tens digit of d?
1
Let t(a) = -1 - 2 - 4*a - 6. What is the units digit of t(-5)?
1
Let r be 14/2 + -7 + 7. Let c(p) = p**3 - 7*p**2 + 2*p - 1. What is the tens digit of c(r)?
1
Let f = -1 - -5. Let r be (4/(-10))/(1/(-10)). Suppose 0 = -5*z - 4*g - 10, -8*z - f*g = -r*z + 12. What is the units digit of z?
2
Let d be (-3)/(-1) + 5 + -1. Suppose 